 4*m + 3. Let r(y) = 4*y - 1. Let h(p) = -13*p + 4. Let n(a) = 4*h(a) + 14*r(a). Let d be n(-4). Let q = d - -11. Give u(q).
-9
Let r(q) be the second derivative of 1/2*q**4 - 9*q + 0*q**2 + 0*q**5 + 0*q**3 + 0 - 1/120*q**6. Let u(g) be the third derivative of r(g). Calculate u(-1).
6
Let u = -3 + 3. Let w(s) = u + 3*s**3 - 8 + s + 5 - s**2 + 4. Let z be w(-1). Let m(d) = d**2 + 4*d + 2. Give m(z).
2
Let a be (-12)/(-9)*6/4. Let k(w) be the second derivative of -w**4/12 + w**3/6 - 2*w**2 + w. Let t(s) be the first derivative of k(s). What is t(a)?
-3
Let h(g) = 3*g - 3. Let t(m) = -2*m + 3. Let q(l) = -3*h(l) - 4*t(l). Let y(i) = -5*i + 7 + 3*i - 15 + 3*i. Let c be y(8). What is q(c)?
-3
Let c(j) = -58*j - 1 - 53*j + 116*j. Let q = 33 + -35. Determine c(q).
-11
Let d(m) = m**3 + 5 - m**2 + 6*m**2 + 1 + 0 - 4*m. Let w be -36*5/((-80)/12). Let b = w + -33. Give d(b).
-6
Let v(c) be the third derivative of -32*c**2 + 0*c - 1/6*c**3 + 0 + 3/20*c**5 - 1/12*c**4. Give v(-1).
10
Let m = 1156 - 1150. Let h(d) = d**2 - 6*d + 7. Determine h(m).
7
Suppose 3*r - 63 = -0*r. Let a be (-2)/(-7) + (-48)/r. Let f be 3/(-12)*-2*a. Let m(u) = 7*u**3 - u**2 + u + 1. Determine m(f).
-8
Let i(r) = -1 - 5*r**2 - 701*r - r**3 + 697*r + 2. Let s be ((-1)/1 + 0)*4. What is i(s)?
1
Suppose -w = t + 1, -5*w - 23 = -t - 0*w. Let a(g) be the first derivative of -9*g - 3 + 1/2*g**2 - 1/3*g**t. Determine a(0).
-9
Let l(s) be the third derivative of -17*s**2 + 0*s + 1/20*s**5 + 2/3*s**3 + 0 - 1/24*s**4. Give l(3).
28
Suppose -2*o + 0*d - 9 = 3*d, -5*o - 33 = -3*d. Let u(s) = s**2 - 2*s + 1. Let k(m) = -m**3 + 2*m**2 - 13*m + 7. Let j(a) = o*u(a) + k(a). Give j(-3).
-5
Let a(b) = -5*b**2 + 0*b**2 - b**3 + 1 - 7 - 3*b. Let h be (1/(-3))/((28/4)/105). Calculate a(h).
9
Let j(g) be the third derivative of g**6/120 - g**5/10 - 2*g**3/3 + 10*g**2. Let u be j(6). Let t(m) = -m**2 - 5*m. What is t(u)?
4
Suppose -5*o + 4*p - 3 = -4, 0 = o + 2*p - 3. Let m(f) = 3*f**3 - 8*f**2 + 12*f + 1. Let z(b) = b**3 + b**2 + b. Let n(v) = o*m(v) - 2*z(v). Calculate n(9).
10
Let a(s) = -s**2 - 9*s + 6. Let n be a(-7). Let m be 4/(-6) + n/(-15). Let h(t) be the first derivative of -t**2/2 - 2*t + 3. What is h(m)?
0
Let d(j) = -3*j**2 - 35*j + 14. Let p(r) = 14*r + 296. Let t be p(-22). Calculate d(t).
2
Let s(k) = -k - 9. Let i be s(-6). Let a(b) = 10*b + 4. Let o(h) = 9*h + 3. Let q(d) = i*o(d) + 2*a(d). Suppose -2*r + 10 = -3*n, 0*r + 4*n + 15 = r. Give q(r).
6
Let r(p) = -p**2 - p - 1. Let d(q) = 5*q**2 + 4*q + 4. Let b = 121 + -118. Let u(y) = b*r(y) + d(y). Determine u(-2).
7
Let s = 1268 - 1267. Let i(x) = x**3 + x**2 - x + 1. What is i(s)?
2
Let i(x) = 0*x + 5*x**3 - 5*x + 9*x**2 - 2*x**3 - 4*x**3 + 2 + 3*x. Suppose -3*a - 2*a - 2 = -3*r, -2*a = -10. Give i(r).
-16
Let y be 6/15 - (-32)/20. Suppose -k = 4*q - 8, -q + k = -k - y. Suppose -5*m + q = -3. Let b(i) = -14*i**3 + i**2 - i + 1. Calculate b(m).
-13
Let w = -121 + 115. Let m(u) = u**3 + 7*u**2 + 5*u + 9. Calculate m(w).
15
Let a(t) = -t**2 + 7*t - 6. Let x = 11 - -4. Let g = x - 10. Give a(g).
4
Let u(r) = -r**3 + 13*r**2 + 15*r + 10. Let l(g) = -g**2 + 67*g + 82. Let m be l(68). Calculate u(m).
24
Let s(n) = -2*n**3 - 20*n**2 - n - 10. Let l be s(-10). Let k be -2*(-1)/2*-5. Let h = l + k. Let x(z) = -z**2 - 6*z + 3. Calculate x(h).
8
Let a be 1/(-4) - (9/12 - -4). Let g(m) = -m**2 - 7*m + 1. Calculate g(a).
11
Suppose 2*z - 8 = -6*z. Suppose z = -2*b - 5. Let f(y) = -y**2 - 4*y + 3. Let d(v) = -3*v**2 - 12*v + 8. Let h(i) = 3*d(i) - 8*f(i). Calculate h(b).
3
Let k(s) = -s + 9. Let w be k(7). Suppose -3*u - 5*g = -u - 34, -u + w*g - 1 = 0. Let m(r) = -r**3 + 6*r**2 + 7*r + 2. What is m(u)?
2
Let r be 2 + -1 - ((6 - -2) + -1). Let h(f) = -f - 4. What is h(r)?
2
Let a(v) = -v**3 - 4*v**2 - 2*v - 3. Let f(b) = 2*b**2 - 7*b + 8. Let i be f(3). Suppose 5*l = -i - 10. Determine a(l).
-6
Let c(l) = -20*l - 12. Let q(n) = 174*n + 106. Let r(b) = -52*c(b) - 6*q(b). Determine r(-5).
8
Let b(o) = o**2 + 3*o - 8. Let l = 10 - 39. Let c = l + 41. Suppose -19*w + 17*w - c = 0. Determine b(w).
10
Suppose -2*j - 26 = -22. Let i(d) = -d**3 - 2*d**2 + 2*d + 1. Give i(j).
-3
Let s(m) = 10*m + 2. Let g(f) = -4*f - 1. Let o(n) = -4*g(n) - 2*s(n). Give o(3).
-12
Let p(x) be the first derivative of x**5/20 - 5*x**4/12 - 4*x**3/3 + 9*x**2/2 - 5*x + 5. Let l(f) be the first derivative of p(f). What is l(6)?
-3
Let k(z) = -16*z**3 + 2*z**2 - 12*z - 20. Let w(s) = 14*s**3 - 2*s**2 + 11*s + 18. Let x(t) = -8*k(t) - 9*w(t). What is x(-2)?
-4
Let k(n) = -26*n. Let d be -2*(-3)/(-4) - 8/(-16). Calculate k(d).
26
Let n(l) = -3*l**2 - 1. Let x(y) = -11*y**2 + 9*y + 2. Let z(p) = 4*n(p) - x(p). What is z(-7)?
8
Let w(p) = 3*p + 18. Let c be (-5 - 16/(-3))/((-13)/351). Calculate w(c).
-9
Let x be 1/(9/12)*-3. Let o = 1 - -9. Let y(s) = -o + 4 + 1 - s. Calculate y(x).
-1
Let l(y) = 0*y + 2 + 3*y**2 - 6*y - 2*y**2. Let b = 6490 - 6484. Determine l(b).
2
Let p(r) = -r**3 + r**2 + 2. Let o be p(0). Suppose 3*y - 22 = -o*a, -2*a = -3*y - 6*a + 32. Let m(z) = z**3 - 4*z**2 - z. What is m(y)?
-4
Let w(s) = -3*s**3 - 16*s**2 + s + 24. Let i(a) = -4*a**3 - 24*a**2 + a + 24. Let c(b) = 2*i(b) - 3*w(b). Determine c(0).
-24
Let a(j) = 1 + 50 + 4*j + 2. Let q be a(-13). Let o(x) = -9*x - 1. Give o(q).
-10
Let j(c) = 15*c + c**2 - 2 - 11*c + 4*c. Give j(-8).
-2
Let x(f) = -4*f**2 - f + 3. Suppose -24*y + 105 = 33. Determine x(y).
-36
Let c(k) be the first derivative of k**2/2 + 5*k + 100. Suppose -g + 12 = -4*o, 5*g + 3*o + 55 = -0*g. Give c(g).
-3
Let r(a) = -a**2 + 7*a - 4. Let t = 0 + 9. Give r(t).
-22
Let o be (-310)/(-25) - 2/5. Suppose 0 = 3*z + z - 8. Let s(n) = 4*n - 3 - o*n**2 - 16*n**2 + 29*n**z. Calculate s(-4).
-3
Let z(l) = 10*l**2 - 11 - 9*l**2 + 5*l + l**3 - 11*l**2. Calculate z(9).
-47
Let s be (-2*8 + 10/5)/(-2). Suppose 0 = -3*g + 15, -s = -4*q - 3*g + 12. Let n(i) be the first derivative of -3*i**2/2 + 1. Determine n(q).
-3
Let p be 9*(3/18*-14 - -3). Let u(y) = -y**2 + 7*y - 6. Determine u(p).
0
Let y(z) be the second derivative of -z**6/120 - z**5/60 + z**4/24 - 4*z**3/3 + z**2 - 10*z. Let n(b) be the first derivative of y(b). Calculate n(0).
-8
Let h(k) = -4*k - 7. Let l be h(-3). Suppose 4*i + 4 = -2*o, l*i = 2*o - 14 - 9. Let m(j) = j**2 + 3*j - 1. Give m(i).
-1
Let q(o) = 7*o - 4. Let v(x) = -x. Let a(r) = -7*r + 3. Let u(z) = a(z) + v(z). Let l(d) = 4*q(d) + 5*u(d). Calculate l(-1).
11
Let g(p) = -11*p - 6. Let t(z) = 31*z + 17. Let d(a) = 11*g(a) + 4*t(a). Give d(-4).
-10
Let n = -2 + 3. Let k(p) = -5*p - 8. Let j(l) = 4*l + 6. Let c(y) = -4*j(y) - 3*k(y). Determine c(n).
-1
Let w(l) be the third derivative of 0 + 1/120*l**6 + 1/3*l**3 + 0*l - 1/8*l**4 + 1/20*l**5 + l**2. Calculate w(-4).
-2
Suppose -10 + 12 = -2*r. Let y = r - 3. Let i(o) = 4*o**3 + o**2 + 5*o + 4. Let c(t) = -7*t**3 - 3*t**2 - 9*t - 7. Let g(d) = -3*c(d) - 5*i(d). Give g(y).
-7
Let k(t) = -t - 1. Let y(m) = -4*m - 4. Let z(p) = 5*k(p) - y(p). Let q be 34/(-51) - 6/(-9)*-8. Determine z(q).
5
Let t(q) = -9 + 26*q - 4*q - 3*q - 15*q. Calculate t(-4).
-25
Let p(y) = 9 + 20 + y + y - 39 + 26. Calculate p(-9).
-2
Let m(r) be the third derivative of r**5/60 - r**4/8 - r**3/3 + 2*r**2 - 61. Calculate m(-2).
8
Let c = 1273 + -1275. Let z(a) be the third derivative of a**5/60 - a**4/12 - a**3/2 + 2*a**2. What is z(c)?
5
Let y(h) = h**2 - 3*h - 12. Let k be y(6). Let p(g) = -g**3 + 6*g**2 - 2*g + 14. Let o be p(k). Let t(b) = 2*b. Calculate t(o).
4
Let t be (0/2)/(-3 - -2). Let y(h) = 6 + 2*h + t + 1 + 5. Calculate y(-8).
-4
Let u(i) = -i + 7. Let n = 15 - 17. Let w = 5 + n. Suppose 0 + 15 = w*y. Give u(y).
2
Let n(p) = -2*p - 4*p - 36 + 39 + 15 + 5*p. Give n(8).
10
Let i(g) be the second derivative of g**3/6 + g**2/2 - 579*g. Let v = 4 + -1. Suppose 2*f - m = m, -f - v*m = 20. What is i(f)?
-4
Let n(j) be the third derivative of -1/120*j**6 + 0*j - 1/6*j**3 - 1/4*j**4 + 1/10*j**5 + 0 - 12*j**2. Determine n(5).
-6
Let p(v) = -16*v**3 + 31*v + 26. Let h(j) = 3*j**3 - 6*j - 5. Let k(z) = -11*h(z) - 2*p(z). Let d = -4590 - -4588. Determine k(d).
3
Let h = 177 - 178. Let i(g) = -g**3 - 2*g**2 - g. Calculate i(h).
0
Let k(a) = -10*a - 7. Let n be k(-6). Suppose -x + 2*r = -46, -2*r - 144 = -3*x + 2